{"id":2219,"date":"2019-11-20T17:55:17","date_gmt":"2019-11-20T15:55:17","guid":{"rendered":"http:\/\/www.dalton-banden.dk\/wp-content\/uploads\/2010\/01\/Knud-s\u00f8g\u00e5rd-2.jpg"},"modified":"2019-11-20T17:55:17","modified_gmt":"2019-11-20T15:55:17","slug":"knud-s%c3%b8gard-2","status":"inherit","type":"attachment","link":"https:\/\/www.dalton-banden.dk\/?attachment_id=2219","title":{"rendered":"Knud"},"author":3,"featured_media":0,"comment_status":"closed","ping_status":"open","template":"","meta":{"_links_to":"","_links_to_target":""},"class_list":["post-2219","attachment","type-attachment","status-inherit","hentry"],"description":{"rendered":"<p class=\"attachment\"><a href='https:\/\/www.dalton-banden.dk\/wp-content\/uploads\/2010\/01\/Knud-s\u00f8g\u00e5rd-2.jpg'><img loading=\"lazy\" decoding=\"async\" width=\"174\" height=\"169\" src=\"https:\/\/www.dalton-banden.dk\/wp-content\/uploads\/2010\/01\/Knud-s\u00f8g\u00e5rd-2.jpg\" class=\"attachment-medium size-medium\" alt=\"\" \/><\/a><\/p>\n<p>Yamaha RD 350 F2<br \/>\nMeldt ind: 16\/11-19<br \/>\nDalton-ture: Ingen<br \/>\n\u2014\u2013<br \/>\nKnud: Startede med Kawasaki 350 2-takt i 1970. Sidenhen en masse Suzuki 4-takt, incl. en Hayabusa, som jeg stadig har.<br \/>\nHar s\u00e5 ogs\u00e5 lige en Yamaha RD 350 F2 ved siden af \ud83d\ude09<br \/>\n2-takt ligger i blodet.<\/p>\n"},"caption":{"rendered":"<p>Knud<\/p>\n"},"alt_text":"","media_type":"image","mime_type":"image\/jpeg","media_details":{"width":"174","height":"169","hwstring_small":"height='96' width='98'","file":"2010\/01\/Knud-s\u00f8g\u00e5rd-2.jpg","sizes":{"thumbnail":{"file":"Knud-s\u00f8g\u00e5rd-2-150x150.jpg","width":"150","height":"150","source_url":"https:\/\/www.dalton-banden.dk\/wp-content\/uploads\/2010\/01\/Knud-s\u00f8g\u00e5rd-2-150x150.jpg"},"full":{"file":"Knud-s\u00f8g\u00e5rd-2.jpg","width":174,"height":169,"mime_type":"image\/jpeg","source_url":"https:\/\/www.dalton-banden.dk\/wp-content\/uploads\/2010\/01\/Knud-s\u00f8g\u00e5rd-2.jpg"}},"image_meta":{"aperture":"0","credit":"","camera":"","caption":"","created_timestamp":"1573913671","copyright":"","focal_length":"0","iso":"0","shutter_speed":"0","title":""}},"post":684,"source_url":"https:\/\/www.dalton-banden.dk\/wp-content\/uploads\/2010\/01\/Knud-s\u00f8g\u00e5rd-2.jpg","_links":{"self":[{"href":"https:\/\/www.dalton-banden.dk\/index.php?rest_route=\/wp\/v2\/media\/2219","targetHints":{"allow":["GET"]}}],"collection":[{"href":"https:\/\/www.dalton-banden.dk\/index.php?rest_route=\/wp\/v2\/media"}],"about":[{"href":"https:\/\/www.dalton-banden.dk\/index.php?rest_route=\/wp\/v2\/types\/attachment"}],"author":[{"embeddable":true,"href":"https:\/\/www.dalton-banden.dk\/index.php?rest_route=\/wp\/v2\/users\/3"}],"replies":[{"embeddable":true,"href":"https:\/\/www.dalton-banden.dk\/index.php?rest_route=%2Fwp%2Fv2%2Fcomments&post=2219"}]}}

http://www.dalton-banden.dk/wp-content/uploads/2010/01/Knud-søgård-2.jpg

<p class="attachment"><a href='https://www.dalton-banden.dk/wp-content/uploads/2010/01/Knud-søgård-2.jpg'><img loading="lazy" decoding="async" width="174" height="169" src="https://www.dalton-banden.dk/wp-content/uploads/2010/01/Knud-søgård-2.jpg" class="attachment-medium size-medium" alt="" /></a></p>
<p>Yamaha RD 350 F2<br />
Meldt ind: 16/11-19<br />
Dalton-ture: Ingen<br />
—–<br />
Knud: Startede med Kawasaki 350 2-takt i 1970. Sidenhen en masse Suzuki 4-takt, incl. en Hayabusa, som jeg stadig har.<br />
Har så også lige en Yamaha RD 350 F2 ved siden af 😉<br />
2-takt ligger i blodet.</p>

2010/01/Knud-søgård-2.jpg

Knud-søgård-2-150x150.jpg

https://www.dalton-banden.dk/wp-content/uploads/2010/01/Knud-søgård-2-150x150.jpg

Knud-søgård-2.jpg

https://www.dalton-banden.dk/wp-content/uploads/2010/01/Knud-søgård-2.jpg
