{"id":77,"date":"2009-10-28T16:04:01","date_gmt":"2009-10-28T14:04:01","guid":{"rendered":"http:\/\/www.dalton-banden.dk\/?page_id=77"},"modified":"2016-03-27T13:09:44","modified_gmt":"2016-03-27T11:09:44","slug":"dalton-ruter","status":"publish","type":"page","link":"https:\/\/www.dalton-banden.dk\/?page_id=77","title":{"rendered":"Dalton-Ruter"},"content":{"rendered":"<p>Sm\u00e5vejsruter i Danmark<\/p>\n<p><a title=\"Sj\u00e6lland\" href=\"http:\/\/www.motorcykelgalleri.dk\/fotoalbum\/guider\/7216-rutekort_sjaelland\" target=\"_blank\">Sj\u00e6lland<\/a><\/p>\n<p><a title=\"Nordjylland\" href=\"http:\/\/www.motorcykelgalleri.dk\/fotoalbum\/guider\/7555-ruter_i_nordjylland\" target=\"_blank\">Nordjylland<\/a><\/p>\n<p><a title=\"Fyn\" href=\"http:\/\/www.motorcykelgalleri.dk\/fotoalbum\/guider\/7434-rutekort_fyn\" target=\"_blank\">Fyn<\/a><\/p>\n<p><a title=\"\u00d8stjylland\" href=\"http:\/\/www.motorcykelgalleri.dk\/fotoalbum\/guider\/8295-rutekort_oestjylland\" target=\"_blank\">\u00d8stjylland<\/a><\/p>\n","protected":false},"excerpt":{"rendered":"<p>Sm\u00e5vejsruter i Danmark Sj\u00e6lland Nordjylland Fyn \u00d8stjylland<\/p>\n","protected":false},"author":2,"featured_media":0,"parent":0,"menu_order":14,"comment_status":"closed","ping_status":"open","template":"","meta":{"footnotes":"","_links_to":"","_links_to_target":""},"class_list":["post-77","page","type-page","status-publish","hentry"],"_links":{"self":[{"href":"https:\/\/www.dalton-banden.dk\/index.php?rest_route=\/wp\/v2\/pages\/77","targetHints":{"allow":["GET"]}}],"collection":[{"href":"https:\/\/www.dalton-banden.dk\/index.php?rest_route=\/wp\/v2\/pages"}],"about":[{"href":"https:\/\/www.dalton-banden.dk\/index.php?rest_route=\/wp\/v2\/types\/page"}],"author":[{"embeddable":true,"href":"https:\/\/www.dalton-banden.dk\/index.php?rest_route=\/wp\/v2\/users\/2"}],"replies":[{"embeddable":true,"href":"https:\/\/www.dalton-banden.dk\/index.php?rest_route=%2Fwp%2Fv2%2Fcomments&post=77"}],"version-history":[{"count":8,"href":"https:\/\/www.dalton-banden.dk\/index.php?rest_route=\/wp\/v2\/pages\/77\/revisions"}],"predecessor-version":[{"id":1890,"href":"https:\/\/www.dalton-banden.dk\/index.php?rest_route=\/wp\/v2\/pages\/77\/revisions\/1890"}],"wp:attachment":[{"href":"https:\/\/www.dalton-banden.dk\/index.php?rest_route=%2Fwp%2Fv2%2Fmedia&parent=77"}],"curies":[{"name":"wp","href":"https:\/\/api.w.org\/{rel}","templated":true}]}}